 - m. Suppose 4 = x*k - 6. Calculate the remainder when 14 is divided by k.
4
Suppose -4*j = 0, -z + j = -4*j - 9. What is the remainder when 25 is divided by z?
7
Suppose 2*n + 2*n = -4. Let l = n - -1. Suppose 4*y - 25 - 23 = l. What is the remainder when 35 is divided by y?
11
Let b(x) = -8*x - 3. Let s be (-15)/(-3)*4/(-10). Let u(c) = c**3 + 5*c**2 - c + 2. Calculate the remainder when b(s) is divided by u(-5).
6
Suppose 4*q - 4*r - 28 = 0, 3*r = 5*q + 22 - 51. Let v = 6 + -13. Calculate the remainder when q is divided by (-5 - v)/(2/3).
1
Let y = 9 + -8. What is the remainder when 54 is divided by 6/((-3)/(-14)*y)?
26
Suppose -2*i + f = -120, -158 = -3*i - 0*f - 4*f. Calculate the remainder when i is divided by 20.
18
Suppose -j - 6 = -0*j. Let p(s) = -4*s. Let q be p(-1). Calculate the remainder when (-9)/j + 34/q is divided by 6.
4
Let o be 0 + (4 - 2) - -2. Let m = -23 - -59. What is the remainder when 16 is divided by (0 + 1)/(o/m)?
7
What is the remainder when 1 - 3 - -79 - 2 is divided by 26?
23
Suppose 0*a + 3*a - 123 = 0. Let z = 42 + -63. Let l = z + 35. What is the remainder when a is divided by l?
13
Suppose 2*a - a - 3 = 0. Suppose -3*g = -5*p + 8, -16 = -p - 6*g + a*g. What is the remainder when 7 is divided by p?
3
Let a = -15 + 27. Let v = 14 - a. Calculate the remainder when 4 is divided by v.
0
Let x = -2 - -18. Calculate the remainder when 44 is divided by x.
12
Let b(z) = 8*z**2 + 3*z + 1. What is the remainder when b(-3) is divided by 22?
20
Suppose 6*c - 3*c = 12. Suppose 0 = o - c, 2*x + o - 19 = -5. Calculate the remainder when 19 is divided by x.
4
Let o = 21 + -12. Let q(m) = -2*m - 9. Let y = -12 - -5. What is the remainder when o is divided by q(y)?
4
Suppose 0 = 7*b - 2*b. Suppose b = -n - 2*g + 27, 2*n - 6*n + 3*g = -53. Let d = 135 - 70. Calculate the remainder when d is divided by n.
14
Let x = 45 + -43. Suppose -6 = -j + 4*b, -3*b + b - 30 = -2*j. Suppose j = k + x*k. What is the remainder when k is divided by 4?
2
Suppose -4*q = a - 357, -11 - 4 = 5*a. Calculate the remainder when q is divided by 31.
28
Suppose -4*n + 9*n = 35. Suppose u - 25 - n = 0. Suppose -v = v - 5*m - 37, -19 = -2*v - m. What is the remainder when u is divided by v?
10
What is the remainder when 95 is divided by 2/(-5) - 324/(-10)?
31
Let j = -12 - -21. Calculate the remainder when j is divided by 5.
4
Let w(f) = 14*f + 16. What is the remainder when w(8) is divided by 33?
29
Let i = -26 - -64. What is the remainder when 111 is divided by i?
35
Let n = 22 + -12. Let w(x) = x**3 + 6*x**2 + 3*x - 4. Let t(h) = -h - 2. Let s be t(3). What is the remainder when n is divided by w(s)?
4
Suppose -3*b - 12 + 66 = 0. Calculate the remainder when 71 is divided by b.
17
Suppose -2*r + 3*r - 38 = 3*p, 4*r - 178 = -p. Suppose -3*u + 135 = 6*u. Calculate the remainder when r is divided by u.
14
Let b = -7 + 8. Calculate the remainder when 2 is divided by b.
0
Let m(x) = x**2 - 2*x - 4. Let t be m(7). Suppose 0 = 5*l - t - 4. Let g = 11 - l. What is the remainder when 13 is divided by g?
1
Let z(b) = b**3 - 5*b**2 + b + 2. Let a be z(6). Suppose 5*g - a = g. Let n(h) = -h**2 - 22*h - 25. What is the remainder when n(-19) is divided by g?
10
Let x(p) be the first derivative of 8*p**3/3 + p**2/2 - p - 1. Calculate the remainder when x(-2) is divided by 16.
13
What is the remainder when 26 is divided by (16/(-24))/(2/(-30))?
6
Let x(r) = -r**2 - 12*r + 10. Let y = -42 + 30. What is the remainder when 26 is divided by x(y)?
6
Suppose -10 - 6 = -4*c. Suppose -j = -0*j - c. Calculate the remainder when 12 - (1/1 + -2) is divided by j.
1
Calculate the remainder when ((-6)/7)/(2/(-28)) is divided by 2.
0
Let r = 16 + 3. Calculate the remainder when r is divided by 5.
4
Let r(v) = -v**3 + 8*v**2 - 3*v - 11. What is the remainder when r(7) is divided by 6?
5
Suppose -4*y - 2*z + 404 = 0, 4*y = 5*z + 368 + 50. Calculate the remainder when y is divided by 26.
24
Suppose -2*i - 5 = -3*i. Suppose 2*d + 120 = 6*d. Let b = d + -21. Calculate the remainder when b is divided by i.
4
Suppose -2*a = 3*p - 4, -3*p - a - 1 = -6. Let l(k) = 6*k + 1. What is the remainder when l(p) is divided by 5?
3
Let r(p) = -p**3 - p + 1. Let x(m) = -7*m**3 - 9*m**2 - 13*m + 7. Let n(b) = 6*r(b) - x(b). What is the remainder when (-2)/(-2)*26/2 is divided by n(-8)?
6
Let c(m) = 2*m**2 - 31*m + 17. Calculate the remainder when 11 is divided by c(15).
1
Suppose -6*g + 5 = -5*g. Suppose -5*n = t - 209, -3*t = -0 + 3. Suppose -26 = -2*b + 5*y, -y = -g*b - 0*y + n. Calculate the remainder when b is divided by 3.
2
Let z = 18 - 18. Calculate the remainder when 42 is divided by (-4)/6*(-33 - z).
20
Suppose 0*h - 2*v = 2*h, -20 = -4*h + v. Suppose -o = 3*g - 46, -47 = -3*g - 0*o - 2*o. Calculate the remainder when g is divided by (-1 - -1) + (10 - h).
3
Suppose -u + 3 = -1. What is the remainder when 5 is divided by u?
1
Let p(l) = -l**2 + 11*l - 10. Let b be p(8). Suppose b + 2 = w. What is the remainder when 30 is divided by w?
14
Let p = 154 - 105. Calculate the remainder when p is divided by 13.
10
Let n(c) = 46*c**3 + 2*c**2 - 2*c + 1. Let v be n(1). Suppose 3*p - 58 - v = 0. Calculate the remainder when p is divided by 18.
17
Suppose 4*n = 8 + 8. Let q be (9 - (3 + -1))*1. Let z = q - -2. What is the remainder when z is divided by n?
1
Let k(r) = 4*r**2 + 4. Let v be k(5). Suppose -3*o - v = -7*o. Let d = -19 + 33. What is the remainder when o is divided by d?
12
Let m = 5 + -6. Let t(z) = 15*z**2 + z + 1. Suppose 6*y - 112 = 2*y. Calculate the remainder when y is divided by t(m).
13
Let q(u) = 2*u**3 + 12*u**2 - 2*u - 3. Let f(t) = -t**2 - 8*t - 8. Calculate the remainder when q(-6) is divided by f(-6).
1
Let c be 4/1*(14 + -3). Suppose c = a - 0*d + 5*d, 2*d = -3*a + 67. Calculate the remainder when a is divided by 11.
8
Suppose 74 - 366 = -4*d. Suppose 3*u = -5*p + p + d, 94 = 5*p + u. Calculate the remainder when 54 is divided by p.
16
What is the remainder when (-116 - 0)*9/(-12) is divided by 15?
12
Let k(m) = 1. Let q(z) = -z + 6. Let c(h) = -20*k(h) + 4*q(h). Calculate the remainder when c(-9) is divided by 14.
12
Calculate the remainder when 38 is divided by (2/(-8))/(((-25)/(-260))/(-5)).
12
Suppose 5*r = 2*r - 5*a - 302, 4*a = 4*r + 392. Let b = 146 + r. Calculate the remainder when b is divided by 24.
23
Suppose -24 = -0*b - b. Suppose b = 3*z - 3*k, -2*z + 5*k + 8 = -z. Calculate the remainder when 14 is divided by z.
6
Suppose 0 = 2*a - 2 - 26. Calculate the remainder when a is divided by 5.
4
Let o(v) = -v**3 + 5*v**2 + 4*v - 5. Let w(x) = -x**2 - 11*x - 20. What is the remainder when o(5) is divided by w(-8)?
3
Suppose -3*x = 4*x - 203. Calculate the remainder when x is divided by 10.
9
Let m(t) = 5*t**2 + 3*t + 1. Let f be m(-3). Suppose -3*w - 4 = -f. What is the remainder when 21 is divided by w?
10
Calculate the remainder when 6/(-4)*(-114)/9 is divided by 7.
5
Let k be 68 - (-4)/((-16)/(-12)). Suppose 4*p - 2*d - 51 - 35 = 0, 0 = -4*p - 3*d + k. What is the remainder when p is divided by 7?
6
Let n be ((-18)/(-4))/(2/(-12)). Calculate the remainder when 11 is divided by -2*(1 + n/6).
4
Suppose 81 = y + 2*y - 3*j, y - 37 = -4*j. Calculate the remainder when y is divided by 15.
14
Suppose 14 + 22 = 2*r. Let u = r + 4. Calculate the remainder when u is divided by 12.
10
Let b(x) = x**2 - 18*x - 11. What is the remainder when 26 is divided by b(19)?
2
Let n be (8/(-10))/(2/(-10)). What is the remainder when 12 - (-4 + n/2) is divided by 5?
4
Let v(t) = 398*t - 1. Let y be v(2). Suppose y = 5*l - 3*i, 2*i - 7*i = -l + 181. Let x = l + -89. Calculate the remainder when x is divided by 17.
16
Let v(b) = 2*b + 26. Calculate the remainder when 117 is divided by v(-7).
9
Let n = 24 + -14. What is the remainder when 15 is divided by n?
5
Suppose 4*v = 10*v - 1188. Calculate the remainder when v is divided by 40.
38
Suppose 0 = -2*t + 3*y + 37, 0*t + y + 59 = 3*t. What is the remainder when 59 is divided by t?
19
Let t = -1 + 3. Suppose -j + c = 4 + 1, 2*j - 6 = -2*c. Calculate the remainder when (-3)/(-1 + -2) - j is divided by t.
0
Let a(m) = 18*m**3 + m**2 + 2*m - 2. What is the remainder when 35 is divided by a(1)?
16
Let u(h) = -h**3 + 5*h**2 - 5*h + 4. Let p be u(4)